{"id":2,"date":"2020-04-06T12:45:51","date_gmt":"2020-04-06T12:45:51","guid":{"rendered":"http:\/\/www.sonne-brittnau.ch\/?page_id=2"},"modified":"2026-03-23T12:25:41","modified_gmt":"2026-03-23T12:25:41","slug":"beispiel-seite","status":"publish","type":"page","link":"https:\/\/www.sonne-brittnau.ch\/","title":{"rendered":"Gasthof zur Sonne"},"content":{"rendered":"<p><strong>Am Rande des Aargau\u2019s, direkt an der A2 Richtung Luzern, im Storchendorf Brittnau gelegen, bieten wir in unserem Gasthaus eine gutb\u00fcrgerliche K\u00fcche in heimeligen R\u00e4umlichkeiten. Dabei legen wir viel Wert auf regionale und saisonale Produkte\/Rohstoffe, die wir alle in Eigenproduktion verarbeiten. Arbeiter, Familien, Vereine, Firmen und Gesch\u00e4ftsleute sch\u00e4tzen unser Qualit\u00e4tsdenken sowie die freundliche Atmosph\u00e4re gleichermassen.<\/strong><\/p>\n<figure class=\"wp-block-image size-large\"><img loading=\"lazy\" decoding=\"async\" width=\"1024\" height=\"576\" class=\"wp-image-124\" src=\"http:\/\/www.sonne-brittnau.ch\/wp-content\/uploads\/2020\/04\/slider1-1024x576.jpg\" alt=\"\" srcset=\"https:\/\/www.sonne-brittnau.ch\/wp-content\/uploads\/2020\/04\/slider1-1024x576.jpg 1024w, https:\/\/www.sonne-brittnau.ch\/wp-content\/uploads\/2020\/04\/slider1-300x169.jpg 300w, https:\/\/www.sonne-brittnau.ch\/wp-content\/uploads\/2020\/04\/slider1-768x432.jpg 768w, https:\/\/www.sonne-brittnau.ch\/wp-content\/uploads\/2020\/04\/slider1-1536x864.jpg 1536w, https:\/\/www.sonne-brittnau.ch\/wp-content\/uploads\/2020\/04\/slider1-1200x675.jpg 1200w, https:\/\/www.sonne-brittnau.ch\/wp-content\/uploads\/2020\/04\/slider1.jpg 1920w\" sizes=\"auto, (max-width: 1024px) 100vw, 1024px\" \/><\/figure>\n\n\n<h3 class=\"wp-block-heading\"><strong>Traditionell am Ostermontag ab 11.00 Uhr: K\u00e4sekuchen und Zwiebel-K\u00e4sekuchen (offeriert, so lang es het).<\/strong><\/h3>\n\n\n\n<div class=\"wp-block-columns is-layout-flex wp-container-core-columns-is-layout-9d6595d7 wp-block-columns-is-layout-flex\">\n<div class=\"wp-block-column is-layout-flow wp-block-column-is-layout-flow\" style=\"flex-basis:100%\">\n<div class=\"wp-block-columns is-layout-flex wp-container-core-columns-is-layout-9d6595d7 wp-block-columns-is-layout-flex\">\n<div class=\"wp-block-column is-layout-flow wp-block-column-is-layout-flow\" style=\"flex-basis:100%\">\n<figure class=\"wp-block-table is-style-regular\"><table class=\"has-fixed-layout\"><tbody><tr><td class=\"has-text-align-left\" data-align=\"left\"><strong>\u00d6ffnungszeiten Ostern<\/strong><\/td><td class=\"has-text-align-left\" data-align=\"left\"><\/td><\/tr><tr><td class=\"has-text-align-left\" data-align=\"left\"><strong>Karfreitag<\/strong><\/td><td class=\"has-text-align-left\" data-align=\"left\">10:00 &#8211; 22:00<\/td><\/tr><tr><td class=\"has-text-align-left\" data-align=\"left\"><strong>Samstag<\/strong><\/td><td class=\"has-text-align-left\" data-align=\"left\">09:00 &#8211; 24:00<\/td><\/tr><tr><td class=\"has-text-align-left\" data-align=\"left\"><strong>Ostersonntag<\/strong><\/td><td class=\"has-text-align-left\" data-align=\"left\">10:00 &#8211; 22:00<\/td><\/tr><tr><td class=\"has-text-align-left\" data-align=\"left\"><strong>Ostermontag <\/strong><\/td><td class=\"has-text-align-left\" data-align=\"left\">10:00 &#8211; 22:00<\/td><\/tr><\/tbody><\/table><\/figure>\n\n\n\n<figure class=\"wp-block-table is-style-regular\"><table class=\"has-fixed-layout\"><tbody><tr><td class=\"has-text-align-left\" data-align=\"left\"><strong>\u00d6ffnungszeiten<\/strong><\/td><td class=\"has-text-align-left\" data-align=\"left\"><\/td><\/tr><tr><td class=\"has-text-align-left\" data-align=\"left\"><strong>Montag<\/strong><\/td><td class=\"has-text-align-left\" data-align=\"left\">09:00 &#8211; 24:00<\/td><\/tr><tr><td class=\"has-text-align-left\" data-align=\"left\"><strong>Dienstag<\/strong><\/td><td class=\"has-text-align-left\" data-align=\"left\">Ruhetag<\/td><\/tr><tr><td class=\"has-text-align-left\" data-align=\"left\"><strong>Mittwoch<\/strong><\/td><td class=\"has-text-align-left\" data-align=\"left\">Ruhetag<\/td><\/tr><tr><td class=\"has-text-align-left\" data-align=\"left\"><strong>Donnerstag <\/strong>        <\/td><td class=\"has-text-align-left\" data-align=\"left\">09:00 &#8211; 24:00<\/td><\/tr><tr><td class=\"has-text-align-left\" data-align=\"left\"><strong>Freitag<\/strong><\/td><td class=\"has-text-align-left\" data-align=\"left\">09:00 &#8211; 24:00<\/td><\/tr><tr><td class=\"has-text-align-left\" data-align=\"left\"><strong>Samstag<\/strong><\/td><td class=\"has-text-align-left\" data-align=\"left\">09:00 &#8211; 24:00<\/td><\/tr><tr><td class=\"has-text-align-left\" data-align=\"left\"><strong>Sonntag und Feiertage<\/strong><\/td><td class=\"has-text-align-left\" data-align=\"left\">10:00 &#8211; 21:00<\/td><\/tr><\/tbody><\/table><figcaption class=\"wp-element-caption\">Bei zu kleiner Anwesenheit schliessen wir situativ fr\u00fcher<\/figcaption><\/figure>\n<\/div>\n<\/div>\n\n\n\n<h5 class=\"wp-block-heading\"><mark style=\"background-color:rgba(0, 0, 0, 0)\" class=\"has-inline-color has-accent-color\">In eigener Sache:<br>Wir suchen dringend Unterst\u00fctzung im Service (50%).<\/mark><\/h5>\n<\/div>\n<\/div>\n\n\n\n<hr class=\"wp-block-separator has-alpha-channel-opacity\"\/>\n\n\n\n<h3 class=\"wp-block-heading\">Unser Take-Away-Angebot<\/h3>\n\n\n\n<div class=\"wp-block-columns is-layout-flex wp-container-core-columns-is-layout-9d6595d7 wp-block-columns-is-layout-flex\">\n<div class=\"wp-block-column is-layout-flow wp-block-column-is-layout-flow\" style=\"flex-basis:66.66%\">\n<p><strong>Gemischter Salat<\/strong><\/p>\n<\/div>\n\n\n\n<div class=\"wp-block-column is-layout-flow wp-block-column-is-layout-flow\" style=\"flex-basis:33.33%\">\n<p>Fr. 8.50<\/p>\n<\/div>\n<\/div>\n\n\n\n<div class=\"wp-block-columns is-layout-flex wp-container-core-columns-is-layout-9d6595d7 wp-block-columns-is-layout-flex\">\n<div class=\"wp-block-column is-layout-flow wp-block-column-is-layout-flow\" style=\"flex-basis:66.66%\">\n<p><strong>Gr\u00fcner Salat<\/strong><\/p>\n<\/div>\n\n\n\n<div class=\"wp-block-column is-layout-flow wp-block-column-is-layout-flow\" style=\"flex-basis:33.33%\">\n<p>Fr. 7.00<\/p>\n<\/div>\n<\/div>\n\n\n\n<hr class=\"wp-block-separator has-css-opacity\"\/>\n\n\n\n<div class=\"wp-block-columns is-layout-flex wp-container-core-columns-is-layout-9d6595d7 wp-block-columns-is-layout-flex\">\n<div class=\"wp-block-column is-layout-flow wp-block-column-is-layout-flow\" style=\"flex-basis:66.66%\">\n<p><strong>Cordonbleu Classic<\/strong> mit Beilage &#8211; mit Schinken, K\u00e4se<\/p>\n<\/div>\n\n\n\n<div class=\"wp-block-column is-layout-flow wp-block-column-is-layout-flow\" style=\"flex-basis:33.33%\">\n<p>Fr. 27.50<\/p>\n<\/div>\n<\/div>\n\n\n\n<div class=\"wp-block-columns is-layout-flex wp-container-core-columns-is-layout-9d6595d7 wp-block-columns-is-layout-flex\">\n<div class=\"wp-block-column is-layout-flow wp-block-column-is-layout-flow\" style=\"flex-basis:66.66%\">\n<p><strong>Cordonbleu Diavolo<\/strong> mit Beilage \u2013 mit Schinken, hausgem. Chilipaste und Frischk\u00e4se<\/p>\n<\/div>\n\n\n\n<div class=\"wp-block-column is-layout-flow wp-block-column-is-layout-flow\" style=\"flex-basis:33.33%\">\n<div class=\"wp-block-columns is-layout-flex wp-container-core-columns-is-layout-9d6595d7 wp-block-columns-is-layout-flex\">\n<div class=\"wp-block-column is-layout-flow wp-block-column-is-layout-flow\">\n<p>Fr.  27.50<\/p>\n<\/div>\n<\/div>\n<\/div>\n<\/div>\n\n\n\n<div class=\"wp-block-columns is-layout-flex wp-container-core-columns-is-layout-9d6595d7 wp-block-columns-is-layout-flex\">\n<div class=\"wp-block-column is-layout-flow wp-block-column-is-layout-flow\" style=\"flex-basis:66.66%\">\n<p><strong>Appenzeller Cordonbleu <\/strong>mit Beilage &#8211; mit Speck, Appenzeller, R\u00f6stzwiebel<\/p>\n<\/div>\n\n\n\n<div class=\"wp-block-column is-layout-flow wp-block-column-is-layout-flow\" style=\"flex-basis:33.33%\">\n<p>Fr.  27.50<\/p>\n<\/div>\n<\/div>\n\n\n\n<div class=\"wp-block-columns is-layout-flex wp-container-core-columns-is-layout-9d6595d7 wp-block-columns-is-layout-flex\">\n<div class=\"wp-block-column is-layout-flow wp-block-column-is-layout-flow\" style=\"flex-basis:66.66%\">\n<p><strong>Sonne Cordonbleu<\/strong> mit Beilage &#8211; mit Schinken, K\u00e4se, Zwiebeln, Knoblauch, Haselnusspanade<\/p>\n<\/div>\n\n\n\n<div class=\"wp-block-column is-layout-flow wp-block-column-is-layout-flow\" style=\"flex-basis:33.33%\">\n<p>Fr.  27.50<\/p>\n<\/div>\n<\/div>\n\n\n\n<div class=\"wp-block-columns is-layout-flex wp-container-core-columns-is-layout-9d6595d7 wp-block-columns-is-layout-flex\">\n<div class=\"wp-block-column is-layout-flow wp-block-column-is-layout-flow\" style=\"flex-basis:66.66%\">\n<p><strong>Soja-Weizencordonbleu <\/strong>mit veget. Beilage &#8211; mit Frischk\u00e4se und Kr\u00e4utern<\/p>\n<\/div>\n\n\n\n<div class=\"wp-block-column is-layout-flow wp-block-column-is-layout-flow\" style=\"flex-basis:33.33%\">\n<p>Fr. 26.00<\/p>\n<\/div>\n<\/div>\n\n\n\n<div class=\"wp-block-columns is-layout-flex wp-container-core-columns-is-layout-9d6595d7 wp-block-columns-is-layout-flex\">\n<div class=\"wp-block-column is-layout-flow wp-block-column-is-layout-flow\" style=\"flex-basis:66.66%\">\n<p><strong>Panierte Schweinsschnitzel<\/strong> vom Nierst\u00fcck mit Beilage<\/p>\n<\/div>\n\n\n\n<div class=\"wp-block-column is-layout-flow wp-block-column-is-layout-flow\" style=\"flex-basis:33.33%\">\n<p>Fr. 22.50<\/p>\n<\/div>\n<\/div>\n\n\n\n<div class=\"wp-block-columns is-layout-flex wp-container-core-columns-is-layout-9d6595d7 wp-block-columns-is-layout-flex\">\n<div class=\"wp-block-column is-layout-flow wp-block-column-is-layout-flow\" style=\"flex-basis:66.66%\">\n<p><strong>Hausgemachte Buurebratwurst <\/strong>mit R\u00f6sti und Zwiebelsauce<\/p>\n<\/div>\n\n\n\n<div class=\"wp-block-column is-layout-flow wp-block-column-is-layout-flow\" style=\"flex-basis:33.33%\">\n<p>Fr. 20.50<\/p>\n<\/div>\n<\/div>\n\n\n\n<div class=\"wp-block-columns is-layout-flex wp-container-core-columns-is-layout-9d6595d7 wp-block-columns-is-layout-flex\">\n<div class=\"wp-block-column is-layout-flow wp-block-column-is-layout-flow\" style=\"flex-basis:66.66%\">\n<p><strong>Eglichnusperli <\/strong>mit Tartarsauce und Beilage<\/p>\n<\/div>\n\n\n\n<div class=\"wp-block-column is-layout-flow wp-block-column-is-layout-flow\" style=\"flex-basis:33.33%\">\n<p>Fr. 24.00<\/p>\n<\/div>\n<\/div>\n\n\n\n<div class=\"wp-block-columns is-layout-flex wp-container-core-columns-is-layout-9d6595d7 wp-block-columns-is-layout-flex\">\n<div class=\"wp-block-column is-layout-flow wp-block-column-is-layout-flow\" style=\"flex-basis:66.66%\">\n<p><strong>Wurst-K\u00e4sesalat<\/strong> mit Beilage<\/p>\n<\/div>\n\n\n\n<div class=\"wp-block-column is-layout-flow wp-block-column-is-layout-flow\" style=\"flex-basis:33.33%\">\n<p>Fr. 19.00<\/p>\n<\/div>\n<\/div>\n\n\n\n<h3 class=\"wp-block-heading\"><strong>Beilagen:<\/strong><\/h3>\n\n\n\n<div class=\"wp-block-columns is-layout-flex wp-container-core-columns-is-layout-9d6595d7 wp-block-columns-is-layout-flex\">\n<div class=\"wp-block-column is-layout-flow wp-block-column-is-layout-flow\" style=\"flex-basis:66.66%\">\n<p><strong>Pommes Frites oder Croquetten<\/strong><\/p>\n<\/div>\n\n\n\n<div class=\"wp-block-column is-layout-flow wp-block-column-is-layout-flow\" style=\"flex-basis:33.33%\">\n<p>Inklusive<\/p>\n<\/div>\n<\/div>\n\n\n\n<div class=\"wp-block-columns is-layout-flex wp-container-core-columns-is-layout-9d6595d7 wp-block-columns-is-layout-flex\">\n<div class=\"wp-block-column is-layout-flow wp-block-column-is-layout-flow\" style=\"flex-basis:66.66%\">\n<p><strong>als Fitnessteller mit Salaten<\/strong><\/p>\n<\/div>\n\n\n\n<div class=\"wp-block-column is-layout-flow wp-block-column-is-layout-flow\" style=\"flex-basis:33.33%\">\n<p>+ Fr. 4.50<\/p>\n<\/div>\n<\/div>\n\n\n\n<div class=\"wp-block-columns is-layout-flex wp-container-core-columns-is-layout-9d6595d7 wp-block-columns-is-layout-flex\">\n<div class=\"wp-block-column is-layout-flow wp-block-column-is-layout-flow\" style=\"flex-basis:66.66%\">\n<p><strong>Portion Gem\u00fcse <\/strong>(w\u00e4rmen zu Hause)<\/p>\n<\/div>\n\n\n\n<div class=\"wp-block-column is-layout-flow wp-block-column-is-layout-flow\" style=\"flex-basis:33.33%\">\n<p>+ Fr. 7.00<\/p>\n<\/div>\n<\/div>\n\n\n\n<hr class=\"wp-block-separator has-css-opacity\"\/>\n\n\n\n<h3 class=\"wp-block-heading\"><strong>Zum W\u00e4rmen in der Mikrowelle<\/strong> (ab November)<\/h3>\n\n\n\n<div class=\"wp-block-columns is-layout-flex wp-container-core-columns-is-layout-9d6595d7 wp-block-columns-is-layout-flex\">\n<div class=\"wp-block-column is-layout-flow wp-block-column-is-layout-flow\" style=\"flex-basis:66.66%\">\n<p><strong>Rindsschmorbraten<\/strong> mit Kartoffelstock und Gem\u00fcse<br>(Gem\u00fcse wird von November bis M\u00e4rz mit geschmortem Rotkraut ersetzt)<\/p>\n<\/div>\n\n\n\n<div class=\"wp-block-column is-layout-flow wp-block-column-is-layout-flow\" style=\"flex-basis:33.33%\">\n<p>Fr. 27.00<\/p>\n<\/div>\n<\/div>\n\n\n\n<div class=\"wp-block-columns is-layout-flex wp-container-core-columns-is-layout-9d6595d7 wp-block-columns-is-layout-flex\">\n<div class=\"wp-block-column is-layout-flow wp-block-column-is-layout-flow\" style=\"flex-basis:66.66%\">\n<p><strong>Suure Mocke <\/strong>mit Kartoffelstock und Gem\u00fcse<br>(Gem\u00fcse wird von November bis M\u00e4rz mit geschmortem Rotkraut ersetzt)<\/p>\n<\/div>\n\n\n\n<div class=\"wp-block-column is-layout-flow wp-block-column-is-layout-flow\" style=\"flex-basis:33.33%\">\n<p>Fr. 27.00<\/p>\n<\/div>\n<\/div>\n\n\n\n<div class=\"wp-block-columns is-layout-flex wp-container-core-columns-is-layout-9d6595d7 wp-block-columns-is-layout-flex\">\n<div class=\"wp-block-column is-layout-flow wp-block-column-is-layout-flow\" style=\"flex-basis:66.66%\">\n<p><strong>Rindszunge <\/strong>an Kapernsauce, Kartoffelstock<\/p>\n<\/div>\n\n\n\n<div class=\"wp-block-column is-layout-flow wp-block-column-is-layout-flow\" style=\"flex-basis:33.33%\">\n<p>Fr. 24.00<\/p>\n<\/div>\n<\/div>\n\n\n\n<div class=\"wp-block-columns is-layout-flex wp-container-core-columns-is-layout-9d6595d7 wp-block-columns-is-layout-flex\">\n<div class=\"wp-block-column is-layout-flow wp-block-column-is-layout-flow\" style=\"flex-basis:66.66%\">\n<p><strong>Kutteln an Tomatensauce <\/strong>mit Kartoffelstock oder R\u00f6sti<\/p>\n<\/div>\n\n\n\n<div class=\"wp-block-column is-layout-flow wp-block-column-is-layout-flow\" style=\"flex-basis:33.33%\">\n<p>Fr. 22.00<\/p>\n<\/div>\n<\/div>\n\n\n\n<p><strong>Metzgete auch als Takeway: Jeweils Freitag bis Sonntag<\/strong><\/p>\n\n\n\n<hr class=\"wp-block-separator has-css-opacity\"\/>\n\n\n\n<p>Diesen Service bieten wir \u00fcber Mittag und am Abend w\u00e4hrend den normalen Restaurant-\u00d6ffnungszeiten an. Sie k\u00f6nnen sich Ihr Cordonbleu und Anderes genussfertig bei uns bestellen und abholen.<\/p>\n\n\n\n<p>Wir freuen uns auf Sie!<\/p>\n\n\n\n<p>Familie Kuster und Mitarbeiter<\/p>\n\n\n\n<hr class=\"wp-block-separator has-css-opacity\"\/>\n\n\n\n<p><strong>Bitte telefonisch unter 062 751 61 71 bestellen (Auswahl treffen, Datum und Zeit vereinbaren, abholen, bezahlen und dann geniessen!)<\/strong><\/p>\n\n\n\n<p>Angebots\u00e4nderungen oder -erweiterungen bleiben vorbehalten.<\/p>\n\n\n\n<hr class=\"wp-block-separator has-alpha-channel-opacity\"\/>\n","protected":false},"excerpt":{"rendered":"<p>Am Rande des Aargau\u2019s, direkt an der A2 Richtung Luzern, im Storchendorf Brittnau gelegen, bieten wir in unserem Gasthaus eine gutb\u00fcrgerliche K\u00fcche in heimeligen R\u00e4umlichkeiten. Dabei legen wir viel Wert auf regionale und saisonale Produkte\/Rohstoffe, die wir alle in Eigenproduktion verarbeiten. Arbeiter, Familien, Vereine, Firmen und Gesch\u00e4ftsleute sch\u00e4tzen unser Qualit\u00e4tsdenken sowie die freundliche Atmosph\u00e4re gleichermassen. [&hellip;]<\/p>\n","protected":false},"author":1,"featured_media":0,"parent":0,"menu_order":0,"comment_status":"closed","ping_status":"open","template":"","meta":{"footnotes":""},"class_list":["post-2","page","type-page","status-publish","hentry"],"_links":{"self":[{"href":"https:\/\/www.sonne-brittnau.ch\/index.php\/wp-json\/wp\/v2\/pages\/2","targetHints":{"allow":["GET"]}}],"collection":[{"href":"https:\/\/www.sonne-brittnau.ch\/index.php\/wp-json\/wp\/v2\/pages"}],"about":[{"href":"https:\/\/www.sonne-brittnau.ch\/index.php\/wp-json\/wp\/v2\/types\/page"}],"author":[{"embeddable":true,"href":"https:\/\/www.sonne-brittnau.ch\/index.php\/wp-json\/wp\/v2\/users\/1"}],"replies":[{"embeddable":true,"href":"https:\/\/www.sonne-brittnau.ch\/index.php\/wp-json\/wp\/v2\/comments?post=2"}],"version-history":[{"count":267,"href":"https:\/\/www.sonne-brittnau.ch\/index.php\/wp-json\/wp\/v2\/pages\/2\/revisions"}],"predecessor-version":[{"id":589,"href":"https:\/\/www.sonne-brittnau.ch\/index.php\/wp-json\/wp\/v2\/pages\/2\/revisions\/589"}],"wp:attachment":[{"href":"https:\/\/www.sonne-brittnau.ch\/index.php\/wp-json\/wp\/v2\/media?parent=2"}],"curies":[{"name":"wp","href":"https:\/\/api.w.org\/{rel}","templated":true}]}}